{"id":103,"date":"2020-02-29T23:14:25","date_gmt":"2020-02-29T23:14:25","guid":{"rendered":"http:\/\/beautyundwellness-kiel.de\/?page_id=103"},"modified":"2020-07-24T14:51:59","modified_gmt":"2020-07-24T14:51:59","slug":"onkologische-kosmetik","status":"publish","type":"page","link":"https:\/\/beautyundwellness-kiel.de\/?page_id=103","title":{"rendered":"Onkologische Kosmetik"},"content":{"rendered":"\n<p>Die Diagnose Krebs ist ein einschneidendes Lebensereignis und die folgenden, kr\u00e4ftezehrenden Behandlungen sind eine Herausforderung f\u00fcr K\u00f6rper und Geist. In dieser besonderen Situation f\u00e4llt der Blick in den Spiegel oft nicht leicht. Chemotherapie, Bestrahlung und Zytostatika ver\u00e4ndern Haut, Haare und N\u00e4gel und&nbsp;erfordert oft eine neue Pflegeroutine.<\/p>\n\n\n\n<p>Mit meiner Erfahrung in der onkologischen Kosmetik m\u00f6chte ich Ihnen zu mehr Wohlbefinden verhelfen. Ich stelle Ihnen die optimale Pflege f\u00fcr\u00a0die individuellen Bed\u00fcrfnisse Ihrer Haut zusammen und zeige Ihnen in privater Atmosph\u00e4re Schminktechniken, die Sie bei Haar- und Augenbrauenverlust anwenden k\u00f6nnen.<\/p>\n\n\n\n<p>G\u00f6nnen Sie sich eine Auszeit und vereinbaren Sie einen Termin unter 0431 \/ 56 93 23.<\/p>\n","protected":false},"excerpt":{"rendered":"<p>Die Diagnose Krebs ist ein einschneidendes Lebensereignis und die folgenden, kr\u00e4ftezehrenden Behandlungen sind eine Herausforderung f\u00fcr K\u00f6rper und Geist. In dieser besonderen Situation f\u00e4llt der Blick in den Spiegel oft nicht leicht. Chemotherapie, Bestrahlung und &hellip; <\/p>\n","protected":false},"author":1,"featured_media":104,"parent":0,"menu_order":0,"comment_status":"closed","ping_status":"closed","template":"","meta":[],"yoast_head":"<!-- This site is optimized with the Yoast SEO plugin v20.6 - https:\/\/yoast.com\/wordpress\/plugins\/seo\/ -->\n<title>Onkologische Kosmetik | Beauty &amp; Wellness Kiel<\/title>\n<meta name=\"robots\" content=\"index, follow, max-snippet:-1, max-image-preview:large, max-video-preview:-1\" \/>\n<link rel=\"canonical\" href=\"https:\/\/beautyundwellness-kiel.de\/?page_id=103\" \/>\n<meta property=\"og:locale\" content=\"de_DE\" \/>\n<meta property=\"og:type\" content=\"article\" \/>\n<meta property=\"og:title\" content=\"Onkologische Kosmetik | Beauty &amp; Wellness Kiel\" \/>\n<meta property=\"og:description\" content=\"Die Diagnose Krebs ist ein einschneidendes Lebensereignis und die folgenden, kr\u00e4ftezehrenden Behandlungen sind eine Herausforderung f\u00fcr K\u00f6rper und Geist. In dieser besonderen Situation f\u00e4llt der Blick in den Spiegel oft nicht leicht. Chemotherapie, Bestrahlung und &hellip;\" \/>\n<meta property=\"og:url\" content=\"https:\/\/beautyundwellness-kiel.de\/?page_id=103\" \/>\n<meta property=\"og:site_name\" content=\"Beauty &amp; Wellness Kiel\" \/>\n<meta property=\"article:modified_time\" content=\"2020-07-24T14:51:59+00:00\" \/>\n<meta property=\"og:image\" content=\"https:\/\/beautyundwellness-kiel.de\/wp-content\/uploads\/2020\/02\/makeup-2589040-1024x683.jpg\" \/>\n\t<meta property=\"og:image:width\" content=\"1024\" \/>\n\t<meta property=\"og:image:height\" content=\"683\" \/>\n\t<meta property=\"og:image:type\" content=\"image\/jpeg\" \/>\n<meta name=\"twitter:card\" content=\"summary_large_image\" \/>\n<meta name=\"twitter:label1\" content=\"Gesch\u00e4tzte Lesezeit\" \/>\n\t<meta name=\"twitter:data1\" content=\"1\u00a0Minute\" \/>\n<script type=\"application\/ld+json\" class=\"yoast-schema-graph\">{\"@context\":\"https:\/\/schema.org\",\"@graph\":[{\"@type\":\"WebPage\",\"@id\":\"https:\/\/beautyundwellness-kiel.de\/?page_id=103\",\"url\":\"https:\/\/beautyundwellness-kiel.de\/?page_id=103\",\"name\":\"Onkologische Kosmetik | Beauty &amp; Wellness Kiel\",\"isPartOf\":{\"@id\":\"https:\/\/beautyundwellness-kiel.de\/#website\"},\"datePublished\":\"2020-02-29T23:14:25+00:00\",\"dateModified\":\"2020-07-24T14:51:59+00:00\",\"breadcrumb\":{\"@id\":\"https:\/\/beautyundwellness-kiel.de\/?page_id=103#breadcrumb\"},\"inLanguage\":\"de\",\"potentialAction\":[{\"@type\":\"ReadAction\",\"target\":[\"https:\/\/beautyundwellness-kiel.de\/?page_id=103\"]}]},{\"@type\":\"BreadcrumbList\",\"@id\":\"https:\/\/beautyundwellness-kiel.de\/?page_id=103#breadcrumb\",\"itemListElement\":[{\"@type\":\"ListItem\",\"position\":1,\"name\":\"Startseite\",\"item\":\"https:\/\/beautyundwellness-kiel.de\/\"},{\"@type\":\"ListItem\",\"position\":2,\"name\":\"Onkologische Kosmetik\"}]},{\"@type\":\"WebSite\",\"@id\":\"https:\/\/beautyundwellness-kiel.de\/#website\",\"url\":\"https:\/\/beautyundwellness-kiel.de\/\",\"name\":\"Beauty & Wellness Kiel\",\"description\":\"\",\"publisher\":{\"@id\":\"https:\/\/beautyundwellness-kiel.de\/#organization\"},\"potentialAction\":[{\"@type\":\"SearchAction\",\"target\":{\"@type\":\"EntryPoint\",\"urlTemplate\":\"https:\/\/beautyundwellness-kiel.de\/?s={search_term_string}\"},\"query-input\":\"required name=search_term_string\"}],\"inLanguage\":\"de\"},{\"@type\":\"Organization\",\"@id\":\"https:\/\/beautyundwellness-kiel.de\/#organization\",\"name\":\"Beauty & Wellness Kirsten Rathmann\",\"url\":\"https:\/\/beautyundwellness-kiel.de\/\",\"logo\":{\"@type\":\"ImageObject\",\"inLanguage\":\"de\",\"@id\":\"https:\/\/beautyundwellness-kiel.de\/#\/schema\/logo\/image\/\",\"url\":\"https:\/\/beautyundwellness-kiel.de\/wp-content\/uploads\/2020\/02\/MediumSquareLogo.png\",\"contentUrl\":\"https:\/\/beautyundwellness-kiel.de\/wp-content\/uploads\/2020\/02\/MediumSquareLogo.png\",\"width\":400,\"height\":400,\"caption\":\"Beauty & Wellness Kirsten Rathmann\"},\"image\":{\"@id\":\"https:\/\/beautyundwellness-kiel.de\/#\/schema\/logo\/image\/\"}}]}<\/script>\n<!-- \/ Yoast SEO plugin. -->","yoast_head_json":{"title":"Onkologische Kosmetik | Beauty &amp; Wellness Kiel","robots":{"index":"index","follow":"follow","max-snippet":"max-snippet:-1","max-image-preview":"max-image-preview:large","max-video-preview":"max-video-preview:-1"},"canonical":"https:\/\/beautyundwellness-kiel.de\/?page_id=103","og_locale":"de_DE","og_type":"article","og_title":"Onkologische Kosmetik | Beauty &amp; Wellness Kiel","og_description":"Die Diagnose Krebs ist ein einschneidendes Lebensereignis und die folgenden, kr\u00e4ftezehrenden Behandlungen sind eine Herausforderung f\u00fcr K\u00f6rper und Geist. In dieser besonderen Situation f\u00e4llt der Blick in den Spiegel oft nicht leicht. Chemotherapie, Bestrahlung und &hellip;","og_url":"https:\/\/beautyundwellness-kiel.de\/?page_id=103","og_site_name":"Beauty &amp; Wellness Kiel","article_modified_time":"2020-07-24T14:51:59+00:00","og_image":[{"width":1024,"height":683,"url":"https:\/\/beautyundwellness-kiel.de\/wp-content\/uploads\/2020\/02\/makeup-2589040-1024x683.jpg","type":"image\/jpeg"}],"twitter_card":"summary_large_image","twitter_misc":{"Gesch\u00e4tzte Lesezeit":"1\u00a0Minute"},"schema":{"@context":"https:\/\/schema.org","@graph":[{"@type":"WebPage","@id":"https:\/\/beautyundwellness-kiel.de\/?page_id=103","url":"https:\/\/beautyundwellness-kiel.de\/?page_id=103","name":"Onkologische Kosmetik | Beauty &amp; Wellness Kiel","isPartOf":{"@id":"https:\/\/beautyundwellness-kiel.de\/#website"},"datePublished":"2020-02-29T23:14:25+00:00","dateModified":"2020-07-24T14:51:59+00:00","breadcrumb":{"@id":"https:\/\/beautyundwellness-kiel.de\/?page_id=103#breadcrumb"},"inLanguage":"de","potentialAction":[{"@type":"ReadAction","target":["https:\/\/beautyundwellness-kiel.de\/?page_id=103"]}]},{"@type":"BreadcrumbList","@id":"https:\/\/beautyundwellness-kiel.de\/?page_id=103#breadcrumb","itemListElement":[{"@type":"ListItem","position":1,"name":"Startseite","item":"https:\/\/beautyundwellness-kiel.de\/"},{"@type":"ListItem","position":2,"name":"Onkologische Kosmetik"}]},{"@type":"WebSite","@id":"https:\/\/beautyundwellness-kiel.de\/#website","url":"https:\/\/beautyundwellness-kiel.de\/","name":"Beauty & Wellness Kiel","description":"","publisher":{"@id":"https:\/\/beautyundwellness-kiel.de\/#organization"},"potentialAction":[{"@type":"SearchAction","target":{"@type":"EntryPoint","urlTemplate":"https:\/\/beautyundwellness-kiel.de\/?s={search_term_string}"},"query-input":"required name=search_term_string"}],"inLanguage":"de"},{"@type":"Organization","@id":"https:\/\/beautyundwellness-kiel.de\/#organization","name":"Beauty & Wellness Kirsten Rathmann","url":"https:\/\/beautyundwellness-kiel.de\/","logo":{"@type":"ImageObject","inLanguage":"de","@id":"https:\/\/beautyundwellness-kiel.de\/#\/schema\/logo\/image\/","url":"https:\/\/beautyundwellness-kiel.de\/wp-content\/uploads\/2020\/02\/MediumSquareLogo.png","contentUrl":"https:\/\/beautyundwellness-kiel.de\/wp-content\/uploads\/2020\/02\/MediumSquareLogo.png","width":400,"height":400,"caption":"Beauty & Wellness Kirsten Rathmann"},"image":{"@id":"https:\/\/beautyundwellness-kiel.de\/#\/schema\/logo\/image\/"}}]}},"_links":{"self":[{"href":"https:\/\/beautyundwellness-kiel.de\/index.php?rest_route=\/wp\/v2\/pages\/103"}],"collection":[{"href":"https:\/\/beautyundwellness-kiel.de\/index.php?rest_route=\/wp\/v2\/pages"}],"about":[{"href":"https:\/\/beautyundwellness-kiel.de\/index.php?rest_route=\/wp\/v2\/types\/page"}],"author":[{"embeddable":true,"href":"https:\/\/beautyundwellness-kiel.de\/index.php?rest_route=\/wp\/v2\/users\/1"}],"replies":[{"embeddable":true,"href":"https:\/\/beautyundwellness-kiel.de\/index.php?rest_route=%2Fwp%2Fv2%2Fcomments&post=103"}],"version-history":[{"count":2,"href":"https:\/\/beautyundwellness-kiel.de\/index.php?rest_route=\/wp\/v2\/pages\/103\/revisions"}],"predecessor-version":[{"id":165,"href":"https:\/\/beautyundwellness-kiel.de\/index.php?rest_route=\/wp\/v2\/pages\/103\/revisions\/165"}],"wp:featuredmedia":[{"embeddable":true,"href":"https:\/\/beautyundwellness-kiel.de\/index.php?rest_route=\/wp\/v2\/media\/104"}],"wp:attachment":[{"href":"https:\/\/beautyundwellness-kiel.de\/index.php?rest_route=%2Fwp%2Fv2%2Fmedia&parent=103"}],"curies":[{"name":"wp","href":"https:\/\/api.w.org\/{rel}","templated":true}]}}