{"id":106,"date":"2020-02-29T23:15:23","date_gmt":"2020-02-29T23:15:23","guid":{"rendered":"http:\/\/beautyundwellness-kiel.de\/?page_id=106"},"modified":"2020-07-24T14:55:23","modified_gmt":"2020-07-24T14:55:23","slug":"permanent-make-up","status":"publish","type":"page","link":"https:\/\/beautyundwellness-kiel.de\/?page_id=106","title":{"rendered":"Permanent Make-up"},"content":{"rendered":"\n<p>Sie m\u00f6chten in jeder Situation nat\u00fcrlich sch\u00f6n geschminkt aussehen? Sie haben l\u00fcckenhafte oder kaum sichtbare Augenbrauen und sind es leid, sich st\u00e4ndig nachschminken zu m\u00fcssen? Dann ist Permanent Make-up vielleicht die perfekte L\u00f6sung f\u00fcr Sie.<\/p>\n\n\n\n<p>Beim Permanent-Make-up werden Farbpigmente in die oberste Hautschicht gestochen. So geh\u00f6ren verwischte Lidstriche, blasse Lippen und der wiederholte Make-up Check im Spiegel der Vergangenheit an.\u00a0Sie haben noch weitere Fragen? Ich berate Sie gern!<\/p>\n","protected":false},"excerpt":{"rendered":"<p>Sie m\u00f6chten in jeder Situation nat\u00fcrlich sch\u00f6n geschminkt aussehen? Sie haben l\u00fcckenhafte oder kaum sichtbare Augenbrauen und sind es leid, sich st\u00e4ndig nachschminken zu m\u00fcssen? Dann ist Permanent Make-up vielleicht die perfekte L\u00f6sung f\u00fcr Sie. &hellip; <\/p>\n","protected":false},"author":1,"featured_media":23,"parent":0,"menu_order":0,"comment_status":"closed","ping_status":"closed","template":"","meta":[],"yoast_head":"<!-- This site is optimized with the Yoast SEO plugin v20.6 - https:\/\/yoast.com\/wordpress\/plugins\/seo\/ -->\n<title>Permanent Make-up | Beauty &amp; Wellness Kiel<\/title>\n<meta name=\"robots\" content=\"index, follow, max-snippet:-1, max-image-preview:large, max-video-preview:-1\" \/>\n<link rel=\"canonical\" href=\"https:\/\/beautyundwellness-kiel.de\/?page_id=106\" \/>\n<meta property=\"og:locale\" content=\"de_DE\" \/>\n<meta property=\"og:type\" content=\"article\" \/>\n<meta property=\"og:title\" content=\"Permanent Make-up | Beauty &amp; Wellness Kiel\" \/>\n<meta property=\"og:description\" content=\"Sie m\u00f6chten in jeder Situation nat\u00fcrlich sch\u00f6n geschminkt aussehen? Sie haben l\u00fcckenhafte oder kaum sichtbare Augenbrauen und sind es leid, sich st\u00e4ndig nachschminken zu m\u00fcssen? Dann ist Permanent Make-up vielleicht die perfekte L\u00f6sung f\u00fcr Sie. &hellip;\" \/>\n<meta property=\"og:url\" content=\"https:\/\/beautyundwellness-kiel.de\/?page_id=106\" \/>\n<meta property=\"og:site_name\" content=\"Beauty &amp; Wellness Kiel\" \/>\n<meta property=\"article:modified_time\" content=\"2020-07-24T14:55:23+00:00\" \/>\n<meta property=\"og:image\" content=\"https:\/\/beautyundwellness-kiel.de\/wp-content\/uploads\/2020\/02\/angelos-michalopoulos-t7J_yjUv8QI-unsplash-e1593461060871.jpg\" \/>\n\t<meta property=\"og:image:width\" content=\"3055\" \/>\n\t<meta property=\"og:image:height\" content=\"3198\" \/>\n\t<meta property=\"og:image:type\" content=\"image\/jpeg\" \/>\n<meta name=\"twitter:card\" content=\"summary_large_image\" \/>\n<script type=\"application\/ld+json\" class=\"yoast-schema-graph\">{\"@context\":\"https:\/\/schema.org\",\"@graph\":[{\"@type\":\"WebPage\",\"@id\":\"https:\/\/beautyundwellness-kiel.de\/?page_id=106\",\"url\":\"https:\/\/beautyundwellness-kiel.de\/?page_id=106\",\"name\":\"Permanent Make-up | Beauty &amp; Wellness Kiel\",\"isPartOf\":{\"@id\":\"https:\/\/beautyundwellness-kiel.de\/#website\"},\"datePublished\":\"2020-02-29T23:15:23+00:00\",\"dateModified\":\"2020-07-24T14:55:23+00:00\",\"breadcrumb\":{\"@id\":\"https:\/\/beautyundwellness-kiel.de\/?page_id=106#breadcrumb\"},\"inLanguage\":\"de\",\"potentialAction\":[{\"@type\":\"ReadAction\",\"target\":[\"https:\/\/beautyundwellness-kiel.de\/?page_id=106\"]}]},{\"@type\":\"BreadcrumbList\",\"@id\":\"https:\/\/beautyundwellness-kiel.de\/?page_id=106#breadcrumb\",\"itemListElement\":[{\"@type\":\"ListItem\",\"position\":1,\"name\":\"Startseite\",\"item\":\"https:\/\/beautyundwellness-kiel.de\/\"},{\"@type\":\"ListItem\",\"position\":2,\"name\":\"Permanent Make-up\"}]},{\"@type\":\"WebSite\",\"@id\":\"https:\/\/beautyundwellness-kiel.de\/#website\",\"url\":\"https:\/\/beautyundwellness-kiel.de\/\",\"name\":\"Beauty & Wellness Kiel\",\"description\":\"\",\"publisher\":{\"@id\":\"https:\/\/beautyundwellness-kiel.de\/#organization\"},\"potentialAction\":[{\"@type\":\"SearchAction\",\"target\":{\"@type\":\"EntryPoint\",\"urlTemplate\":\"https:\/\/beautyundwellness-kiel.de\/?s={search_term_string}\"},\"query-input\":\"required name=search_term_string\"}],\"inLanguage\":\"de\"},{\"@type\":\"Organization\",\"@id\":\"https:\/\/beautyundwellness-kiel.de\/#organization\",\"name\":\"Beauty & Wellness Kirsten Rathmann\",\"url\":\"https:\/\/beautyundwellness-kiel.de\/\",\"logo\":{\"@type\":\"ImageObject\",\"inLanguage\":\"de\",\"@id\":\"https:\/\/beautyundwellness-kiel.de\/#\/schema\/logo\/image\/\",\"url\":\"https:\/\/beautyundwellness-kiel.de\/wp-content\/uploads\/2020\/02\/MediumSquareLogo.png\",\"contentUrl\":\"https:\/\/beautyundwellness-kiel.de\/wp-content\/uploads\/2020\/02\/MediumSquareLogo.png\",\"width\":400,\"height\":400,\"caption\":\"Beauty & Wellness Kirsten Rathmann\"},\"image\":{\"@id\":\"https:\/\/beautyundwellness-kiel.de\/#\/schema\/logo\/image\/\"}}]}<\/script>\n<!-- \/ Yoast SEO plugin. -->","yoast_head_json":{"title":"Permanent Make-up | Beauty &amp; Wellness Kiel","robots":{"index":"index","follow":"follow","max-snippet":"max-snippet:-1","max-image-preview":"max-image-preview:large","max-video-preview":"max-video-preview:-1"},"canonical":"https:\/\/beautyundwellness-kiel.de\/?page_id=106","og_locale":"de_DE","og_type":"article","og_title":"Permanent Make-up | Beauty &amp; Wellness Kiel","og_description":"Sie m\u00f6chten in jeder Situation nat\u00fcrlich sch\u00f6n geschminkt aussehen? Sie haben l\u00fcckenhafte oder kaum sichtbare Augenbrauen und sind es leid, sich st\u00e4ndig nachschminken zu m\u00fcssen? Dann ist Permanent Make-up vielleicht die perfekte L\u00f6sung f\u00fcr Sie. &hellip;","og_url":"https:\/\/beautyundwellness-kiel.de\/?page_id=106","og_site_name":"Beauty &amp; Wellness Kiel","article_modified_time":"2020-07-24T14:55:23+00:00","og_image":[{"width":3055,"height":3198,"url":"https:\/\/beautyundwellness-kiel.de\/wp-content\/uploads\/2020\/02\/angelos-michalopoulos-t7J_yjUv8QI-unsplash-e1593461060871.jpg","type":"image\/jpeg"}],"twitter_card":"summary_large_image","schema":{"@context":"https:\/\/schema.org","@graph":[{"@type":"WebPage","@id":"https:\/\/beautyundwellness-kiel.de\/?page_id=106","url":"https:\/\/beautyundwellness-kiel.de\/?page_id=106","name":"Permanent Make-up | Beauty &amp; Wellness Kiel","isPartOf":{"@id":"https:\/\/beautyundwellness-kiel.de\/#website"},"datePublished":"2020-02-29T23:15:23+00:00","dateModified":"2020-07-24T14:55:23+00:00","breadcrumb":{"@id":"https:\/\/beautyundwellness-kiel.de\/?page_id=106#breadcrumb"},"inLanguage":"de","potentialAction":[{"@type":"ReadAction","target":["https:\/\/beautyundwellness-kiel.de\/?page_id=106"]}]},{"@type":"BreadcrumbList","@id":"https:\/\/beautyundwellness-kiel.de\/?page_id=106#breadcrumb","itemListElement":[{"@type":"ListItem","position":1,"name":"Startseite","item":"https:\/\/beautyundwellness-kiel.de\/"},{"@type":"ListItem","position":2,"name":"Permanent Make-up"}]},{"@type":"WebSite","@id":"https:\/\/beautyundwellness-kiel.de\/#website","url":"https:\/\/beautyundwellness-kiel.de\/","name":"Beauty & Wellness Kiel","description":"","publisher":{"@id":"https:\/\/beautyundwellness-kiel.de\/#organization"},"potentialAction":[{"@type":"SearchAction","target":{"@type":"EntryPoint","urlTemplate":"https:\/\/beautyundwellness-kiel.de\/?s={search_term_string}"},"query-input":"required name=search_term_string"}],"inLanguage":"de"},{"@type":"Organization","@id":"https:\/\/beautyundwellness-kiel.de\/#organization","name":"Beauty & Wellness Kirsten Rathmann","url":"https:\/\/beautyundwellness-kiel.de\/","logo":{"@type":"ImageObject","inLanguage":"de","@id":"https:\/\/beautyundwellness-kiel.de\/#\/schema\/logo\/image\/","url":"https:\/\/beautyundwellness-kiel.de\/wp-content\/uploads\/2020\/02\/MediumSquareLogo.png","contentUrl":"https:\/\/beautyundwellness-kiel.de\/wp-content\/uploads\/2020\/02\/MediumSquareLogo.png","width":400,"height":400,"caption":"Beauty & Wellness Kirsten Rathmann"},"image":{"@id":"https:\/\/beautyundwellness-kiel.de\/#\/schema\/logo\/image\/"}}]}},"_links":{"self":[{"href":"https:\/\/beautyundwellness-kiel.de\/index.php?rest_route=\/wp\/v2\/pages\/106"}],"collection":[{"href":"https:\/\/beautyundwellness-kiel.de\/index.php?rest_route=\/wp\/v2\/pages"}],"about":[{"href":"https:\/\/beautyundwellness-kiel.de\/index.php?rest_route=\/wp\/v2\/types\/page"}],"author":[{"embeddable":true,"href":"https:\/\/beautyundwellness-kiel.de\/index.php?rest_route=\/wp\/v2\/users\/1"}],"replies":[{"embeddable":true,"href":"https:\/\/beautyundwellness-kiel.de\/index.php?rest_route=%2Fwp%2Fv2%2Fcomments&post=106"}],"version-history":[{"count":4,"href":"https:\/\/beautyundwellness-kiel.de\/index.php?rest_route=\/wp\/v2\/pages\/106\/revisions"}],"predecessor-version":[{"id":169,"href":"https:\/\/beautyundwellness-kiel.de\/index.php?rest_route=\/wp\/v2\/pages\/106\/revisions\/169"}],"wp:featuredmedia":[{"embeddable":true,"href":"https:\/\/beautyundwellness-kiel.de\/index.php?rest_route=\/wp\/v2\/media\/23"}],"wp:attachment":[{"href":"https:\/\/beautyundwellness-kiel.de\/index.php?rest_route=%2Fwp%2Fv2%2Fmedia&parent=106"}],"curies":[{"name":"wp","href":"https:\/\/api.w.org\/{rel}","templated":true}]}}