{"id":203,"date":"2021-06-26T10:38:55","date_gmt":"2021-06-26T10:38:55","guid":{"rendered":"http:\/\/beautyundwellness-kiel.de\/?page_id=203"},"modified":"2021-06-26T10:46:23","modified_gmt":"2021-06-26T10:46:23","slug":"ihr-termin","status":"publish","type":"page","link":"https:\/\/beautyundwellness-kiel.de\/?page_id=203","title":{"rendered":"Ihr Termin"},"content":{"rendered":"\n<p>Liebe Kundinnen und Kunden, unsere Termine sind sorgf\u00e4ltig geplant, um allen Anfragen gerecht werden zu k\u00f6nnen. Bitte haben Sie daher Verst\u00e4ndnis, dass wir bei Nichterscheinen zu einem Termin oder kurzfristiger Absage (sp\u00e4ter als 24 Stunden vor dem Termin) den gesamten Preis der gebuchten Dienstleistung in Rechnung stellen. <\/p>\n","protected":false},"excerpt":{"rendered":"<p>Liebe Kundinnen und Kunden, unsere Termine sind sorgf\u00e4ltig geplant, um allen Anfragen gerecht werden zu k\u00f6nnen. Bitte haben Sie daher Verst\u00e4ndnis, dass wir bei Nichterscheinen zu einem Termin oder kurzfristiger Absage (sp\u00e4ter als 24 Stunden &hellip; <\/p>\n","protected":false},"author":1,"featured_media":0,"parent":0,"menu_order":0,"comment_status":"closed","ping_status":"closed","template":"","meta":[],"yoast_head":"<!-- This site is optimized with the Yoast SEO plugin v20.6 - https:\/\/yoast.com\/wordpress\/plugins\/seo\/ -->\n<title>Ihr Termin | Beauty &amp; Wellness Kiel<\/title>\n<meta name=\"robots\" content=\"index, follow, max-snippet:-1, max-image-preview:large, max-video-preview:-1\" \/>\n<link rel=\"canonical\" href=\"https:\/\/beautyundwellness-kiel.de\/?page_id=203\" \/>\n<meta property=\"og:locale\" content=\"de_DE\" \/>\n<meta property=\"og:type\" content=\"article\" \/>\n<meta property=\"og:title\" content=\"Ihr Termin | Beauty &amp; Wellness Kiel\" \/>\n<meta property=\"og:description\" content=\"Liebe Kundinnen und Kunden, unsere Termine sind sorgf\u00e4ltig geplant, um allen Anfragen gerecht werden zu k\u00f6nnen. Bitte haben Sie daher Verst\u00e4ndnis, dass wir bei Nichterscheinen zu einem Termin oder kurzfristiger Absage (sp\u00e4ter als 24 Stunden &hellip;\" \/>\n<meta property=\"og:url\" content=\"https:\/\/beautyundwellness-kiel.de\/?page_id=203\" \/>\n<meta property=\"og:site_name\" content=\"Beauty &amp; Wellness Kiel\" \/>\n<meta property=\"article:modified_time\" content=\"2021-06-26T10:46:23+00:00\" \/>\n<meta name=\"twitter:card\" content=\"summary_large_image\" \/>\n<script type=\"application\/ld+json\" class=\"yoast-schema-graph\">{\"@context\":\"https:\/\/schema.org\",\"@graph\":[{\"@type\":\"WebPage\",\"@id\":\"https:\/\/beautyundwellness-kiel.de\/?page_id=203\",\"url\":\"https:\/\/beautyundwellness-kiel.de\/?page_id=203\",\"name\":\"Ihr Termin | Beauty &amp; Wellness Kiel\",\"isPartOf\":{\"@id\":\"https:\/\/beautyundwellness-kiel.de\/#website\"},\"datePublished\":\"2021-06-26T10:38:55+00:00\",\"dateModified\":\"2021-06-26T10:46:23+00:00\",\"breadcrumb\":{\"@id\":\"https:\/\/beautyundwellness-kiel.de\/?page_id=203#breadcrumb\"},\"inLanguage\":\"de\",\"potentialAction\":[{\"@type\":\"ReadAction\",\"target\":[\"https:\/\/beautyundwellness-kiel.de\/?page_id=203\"]}]},{\"@type\":\"BreadcrumbList\",\"@id\":\"https:\/\/beautyundwellness-kiel.de\/?page_id=203#breadcrumb\",\"itemListElement\":[{\"@type\":\"ListItem\",\"position\":1,\"name\":\"Startseite\",\"item\":\"https:\/\/beautyundwellness-kiel.de\/\"},{\"@type\":\"ListItem\",\"position\":2,\"name\":\"Ihr Termin\"}]},{\"@type\":\"WebSite\",\"@id\":\"https:\/\/beautyundwellness-kiel.de\/#website\",\"url\":\"https:\/\/beautyundwellness-kiel.de\/\",\"name\":\"Beauty & Wellness Kiel\",\"description\":\"\",\"publisher\":{\"@id\":\"https:\/\/beautyundwellness-kiel.de\/#organization\"},\"potentialAction\":[{\"@type\":\"SearchAction\",\"target\":{\"@type\":\"EntryPoint\",\"urlTemplate\":\"https:\/\/beautyundwellness-kiel.de\/?s={search_term_string}\"},\"query-input\":\"required name=search_term_string\"}],\"inLanguage\":\"de\"},{\"@type\":\"Organization\",\"@id\":\"https:\/\/beautyundwellness-kiel.de\/#organization\",\"name\":\"Beauty & Wellness Kirsten Rathmann\",\"url\":\"https:\/\/beautyundwellness-kiel.de\/\",\"logo\":{\"@type\":\"ImageObject\",\"inLanguage\":\"de\",\"@id\":\"https:\/\/beautyundwellness-kiel.de\/#\/schema\/logo\/image\/\",\"url\":\"https:\/\/beautyundwellness-kiel.de\/wp-content\/uploads\/2020\/02\/MediumSquareLogo.png\",\"contentUrl\":\"https:\/\/beautyundwellness-kiel.de\/wp-content\/uploads\/2020\/02\/MediumSquareLogo.png\",\"width\":400,\"height\":400,\"caption\":\"Beauty & Wellness Kirsten Rathmann\"},\"image\":{\"@id\":\"https:\/\/beautyundwellness-kiel.de\/#\/schema\/logo\/image\/\"}}]}<\/script>\n<!-- \/ Yoast SEO plugin. -->","yoast_head_json":{"title":"Ihr Termin | Beauty &amp; Wellness Kiel","robots":{"index":"index","follow":"follow","max-snippet":"max-snippet:-1","max-image-preview":"max-image-preview:large","max-video-preview":"max-video-preview:-1"},"canonical":"https:\/\/beautyundwellness-kiel.de\/?page_id=203","og_locale":"de_DE","og_type":"article","og_title":"Ihr Termin | Beauty &amp; Wellness Kiel","og_description":"Liebe Kundinnen und Kunden, unsere Termine sind sorgf\u00e4ltig geplant, um allen Anfragen gerecht werden zu k\u00f6nnen. Bitte haben Sie daher Verst\u00e4ndnis, dass wir bei Nichterscheinen zu einem Termin oder kurzfristiger Absage (sp\u00e4ter als 24 Stunden &hellip;","og_url":"https:\/\/beautyundwellness-kiel.de\/?page_id=203","og_site_name":"Beauty &amp; Wellness Kiel","article_modified_time":"2021-06-26T10:46:23+00:00","twitter_card":"summary_large_image","schema":{"@context":"https:\/\/schema.org","@graph":[{"@type":"WebPage","@id":"https:\/\/beautyundwellness-kiel.de\/?page_id=203","url":"https:\/\/beautyundwellness-kiel.de\/?page_id=203","name":"Ihr Termin | Beauty &amp; Wellness Kiel","isPartOf":{"@id":"https:\/\/beautyundwellness-kiel.de\/#website"},"datePublished":"2021-06-26T10:38:55+00:00","dateModified":"2021-06-26T10:46:23+00:00","breadcrumb":{"@id":"https:\/\/beautyundwellness-kiel.de\/?page_id=203#breadcrumb"},"inLanguage":"de","potentialAction":[{"@type":"ReadAction","target":["https:\/\/beautyundwellness-kiel.de\/?page_id=203"]}]},{"@type":"BreadcrumbList","@id":"https:\/\/beautyundwellness-kiel.de\/?page_id=203#breadcrumb","itemListElement":[{"@type":"ListItem","position":1,"name":"Startseite","item":"https:\/\/beautyundwellness-kiel.de\/"},{"@type":"ListItem","position":2,"name":"Ihr Termin"}]},{"@type":"WebSite","@id":"https:\/\/beautyundwellness-kiel.de\/#website","url":"https:\/\/beautyundwellness-kiel.de\/","name":"Beauty & Wellness Kiel","description":"","publisher":{"@id":"https:\/\/beautyundwellness-kiel.de\/#organization"},"potentialAction":[{"@type":"SearchAction","target":{"@type":"EntryPoint","urlTemplate":"https:\/\/beautyundwellness-kiel.de\/?s={search_term_string}"},"query-input":"required name=search_term_string"}],"inLanguage":"de"},{"@type":"Organization","@id":"https:\/\/beautyundwellness-kiel.de\/#organization","name":"Beauty & Wellness Kirsten Rathmann","url":"https:\/\/beautyundwellness-kiel.de\/","logo":{"@type":"ImageObject","inLanguage":"de","@id":"https:\/\/beautyundwellness-kiel.de\/#\/schema\/logo\/image\/","url":"https:\/\/beautyundwellness-kiel.de\/wp-content\/uploads\/2020\/02\/MediumSquareLogo.png","contentUrl":"https:\/\/beautyundwellness-kiel.de\/wp-content\/uploads\/2020\/02\/MediumSquareLogo.png","width":400,"height":400,"caption":"Beauty & Wellness Kirsten Rathmann"},"image":{"@id":"https:\/\/beautyundwellness-kiel.de\/#\/schema\/logo\/image\/"}}]}},"_links":{"self":[{"href":"https:\/\/beautyundwellness-kiel.de\/index.php?rest_route=\/wp\/v2\/pages\/203"}],"collection":[{"href":"https:\/\/beautyundwellness-kiel.de\/index.php?rest_route=\/wp\/v2\/pages"}],"about":[{"href":"https:\/\/beautyundwellness-kiel.de\/index.php?rest_route=\/wp\/v2\/types\/page"}],"author":[{"embeddable":true,"href":"https:\/\/beautyundwellness-kiel.de\/index.php?rest_route=\/wp\/v2\/users\/1"}],"replies":[{"embeddable":true,"href":"https:\/\/beautyundwellness-kiel.de\/index.php?rest_route=%2Fwp%2Fv2%2Fcomments&post=203"}],"version-history":[{"count":2,"href":"https:\/\/beautyundwellness-kiel.de\/index.php?rest_route=\/wp\/v2\/pages\/203\/revisions"}],"predecessor-version":[{"id":207,"href":"https:\/\/beautyundwellness-kiel.de\/index.php?rest_route=\/wp\/v2\/pages\/203\/revisions\/207"}],"wp:attachment":[{"href":"https:\/\/beautyundwellness-kiel.de\/index.php?rest_route=%2Fwp%2Fv2%2Fmedia&parent=203"}],"curies":[{"name":"wp","href":"https:\/\/api.w.org\/{rel}","templated":true}]}}

<p>Liebe Kundinnen und Kunden, unsere Termine sind sorgfältig geplant, um allen Anfragen gerecht werden zu können. Bitte haben Sie daher Verständnis, dass wir bei Nichterscheinen zu einem Termin oder kurzfristiger Absage (später als 24 Stunden vor dem Termin) den gesamten Preis der gebuchten Dienstleistung in Rechnung stellen. </p>

<p>Liebe Kundinnen und Kunden, unsere Termine sind sorgfältig geplant, um allen Anfragen gerecht werden zu können. Bitte haben Sie daher Verständnis, dass wir bei Nichterscheinen zu einem Termin oder kurzfristiger Absage (später als 24 Stunden &hellip; </p>

<!-- This site is optimized with the Yoast SEO plugin v20.6 - https://yoast.com/wordpress/plugins/seo/ -->
<title>Ihr Termin | Beauty &amp; Wellness Kiel</title>
<meta name="robots" content="index, follow, max-snippet:-1, max-image-preview:large, max-video-preview:-1" />
<link rel="canonical" href="https://beautyundwellness-kiel.de/?page_id=203" />
<meta property="og:locale" content="de_DE" />
<meta property="og:type" content="article" />
<meta property="og:title" content="Ihr Termin | Beauty &amp; Wellness Kiel" />
<meta property="og:description" content="Liebe Kundinnen und Kunden, unsere Termine sind sorgfältig geplant, um allen Anfragen gerecht werden zu können. Bitte haben Sie daher Verständnis, dass wir bei Nichterscheinen zu einem Termin oder kurzfristiger Absage (später als 24 Stunden &hellip;" />
<meta property="og:url" content="https://beautyundwellness-kiel.de/?page_id=203" />
<meta property="og:site_name" content="Beauty &amp; Wellness Kiel" />
<meta property="article:modified_time" content="2021-06-26T10:46:23+00:00" />
<meta name="twitter:card" content="summary_large_image" />
<script type="application/ld+json" class="yoast-schema-graph">{"@context":"https://schema.org","@graph":[{"@type":"WebPage","@id":"https://beautyundwellness-kiel.de/?page_id=203","url":"https://beautyundwellness-kiel.de/?page_id=203","name":"Ihr Termin | Beauty &amp; Wellness Kiel","isPartOf":{"@id":"https://beautyundwellness-kiel.de/#website"},"datePublished":"2021-06-26T10:38:55+00:00","dateModified":"2021-06-26T10:46:23+00:00","breadcrumb":{"@id":"https://beautyundwellness-kiel.de/?page_id=203#breadcrumb"},"inLanguage":"de","potentialAction":[{"@type":"ReadAction","target":["https://beautyundwellness-kiel.de/?page_id=203"]}]},{"@type":"BreadcrumbList","@id":"https://beautyundwellness-kiel.de/?page_id=203#breadcrumb","itemListElement":[{"@type":"ListItem","position":1,"name":"Startseite","item":"https://beautyundwellness-kiel.de/"},{"@type":"ListItem","position":2,"name":"Ihr Termin"}]},{"@type":"WebSite","@id":"https://beautyundwellness-kiel.de/#website","url":"https://beautyundwellness-kiel.de/","name":"Beauty & Wellness Kiel","description":"","publisher":{"@id":"https://beautyundwellness-kiel.de/#organization"},"potentialAction":[{"@type":"SearchAction","target":{"@type":"EntryPoint","urlTemplate":"https://beautyundwellness-kiel.de/?s={search_term_string}"},"query-input":"required name=search_term_string"}],"inLanguage":"de"},{"@type":"Organization","@id":"https://beautyundwellness-kiel.de/#organization","name":"Beauty & Wellness Kirsten Rathmann","url":"https://beautyundwellness-kiel.de/","logo":{"@type":"ImageObject","inLanguage":"de","@id":"https://beautyundwellness-kiel.de/#/schema/logo/image/","url":"https://beautyundwellness-kiel.de/wp-content/uploads/2020/02/MediumSquareLogo.png","contentUrl":"https://beautyundwellness-kiel.de/wp-content/uploads/2020/02/MediumSquareLogo.png","width":400,"height":400,"caption":"Beauty & Wellness Kirsten Rathmann"},"image":{"@id":"https://beautyundwellness-kiel.de/#/schema/logo/image/"}}]}</script>
<!-- / Yoast SEO plugin. -->

Liebe Kundinnen und Kunden, unsere Termine sind sorgfältig geplant, um allen Anfragen gerecht werden zu können. Bitte haben Sie daher Verständnis, dass wir bei Nichterscheinen zu einem Termin oder kurzfristiger Absage (später als 24 Stunden &hellip;
